{"id":3739,"date":"2023-03-30T17:58:10","date_gmt":"2023-03-30T16:58:10","guid":{"rendered":"https:\/\/beta.outra.pt\/?post_type=product&#038;p=3739"},"modified":"2023-03-31T18:59:53","modified_gmt":"2023-03-31T17:59:53","slug":"tote-bag-out-fest-2022-cru-chamine","status":"publish","type":"product","link":"https:\/\/beta.outra.pt\/eng\/product\/tote-bag-out-fest-2022-cru-chamine\/","title":{"rendered":"Tote Bag OUT.FEST 2022 (Canvas - Chimney)"},"content":{"rendered":"<p>OUT.FEST 2022 tote bag in raw canvas. Design: Jos\u00e9 Mendes. Photo: V\u00edtor Lopes<\/p>","protected":false},"excerpt":{"rendered":"<p>OUT.FEST 2022 tote bag in raw canvas. Design: Jos\u00e9 Mendes. Photo: V\u00edtor Lopes<\/p>","protected":false},"featured_media":3752,"template":"","meta":{"_EventAllDay":false,"_EventTimezone":"","_EventStartDate":"","_EventEndDate":"","_EventStartDateUTC":"","_EventEndDateUTC":"","_EventShowMap":false,"_EventShowMapLink":false,"_EventURL":"","_EventCost":"","_EventCostDescription":"","_EventCurrencySymbol":"","_EventCurrencyCode":"","_EventCurrencyPosition":"","_EventDateTimeSeparator":"","_EventTimeRangeSeparator":"","_EventOrganizerID":[],"_EventVenueID":0,"_OrganizerEmail":"","_OrganizerPhone":"","_OrganizerWebsite":"","_VenueAddress":"","_VenueCity":"","_VenueCountry":"","_VenueProvince":"","_VenueZip":"","_VenuePhone":"","_VenueURL":"","_VenueStateProvince":"","_VenueLat":"","_VenueLng":""},"product_cat":[640,706],"product_tag":[],"acf":[],"yoast_head":"<!-- This site is optimized with the Yoast SEO plugin v20.4 - https:\/\/yoast.com\/wordpress\/plugins\/seo\/ -->\n<title>Tote Bag OUT.FEST 2022 (Cru - Chamin\u00e9) - OUT.RA<\/title>\n<meta name=\"robots\" content=\"noindex, follow, max-snippet:-1, max-image-preview:large, max-video-preview:-1\" \/>\n<meta property=\"og:locale\" content=\"en_US\" \/>\n<meta property=\"og:type\" content=\"article\" \/>\n<meta property=\"og:title\" content=\"Tote Bag OUT.FEST 2022 (Cru - Chamin\u00e9) - OUT.RA\" \/>\n<meta property=\"og:description\" content=\"Tote bag do OUT.FEST 2022 em pano cru. Design: Jos\u00e9 Mendes. Fotografia: V\u00edtor Lopes\" \/>\n<meta property=\"og:url\" content=\"https:\/\/beta.outra.pt\/eng\/product\/tote-bag-out-fest-2022-cru-chamine\/\" \/>\n<meta property=\"og:site_name\" content=\"OUT.RA\" \/>\n<meta property=\"article:modified_time\" content=\"2023-03-31T17:59:53+00:00\" \/>\n<meta property=\"og:image\" content=\"https:\/\/beta.outra.pt\/wp-content\/uploads\/2023\/03\/IMG_6287-1-scaled.jpg\" \/>\n\t<meta property=\"og:image:width\" content=\"1569\" \/>\n\t<meta property=\"og:image:height\" content=\"2048\" \/>\n\t<meta property=\"og:image:type\" content=\"image\/jpeg\" \/>\n<meta name=\"twitter:card\" content=\"summary_large_image\" \/>\n<meta name=\"twitter:label1\" content=\"Est. reading time\" \/>\n\t<meta name=\"twitter:data1\" content=\"1 minute\" \/>\n<script type=\"application\/ld+json\" class=\"yoast-schema-graph\">{\"@context\":\"https:\/\/schema.org\",\"@graph\":[{\"@type\":\"WebPage\",\"@id\":\"https:\/\/beta.outra.pt\/produto\/tote-bag-out-fest-2022-cru-chamine\/\",\"url\":\"https:\/\/beta.outra.pt\/produto\/tote-bag-out-fest-2022-cru-chamine\/\",\"name\":\"Tote Bag OUT.FEST 2022 (Cru - Chamin\u00e9) - OUT.RA\",\"isPartOf\":{\"@id\":\"https:\/\/beta.outra.pt\/#website\"},\"datePublished\":\"2023-03-30T16:58:10+00:00\",\"dateModified\":\"2023-03-31T17:59:53+00:00\",\"breadcrumb\":{\"@id\":\"https:\/\/beta.outra.pt\/produto\/tote-bag-out-fest-2022-cru-chamine\/#breadcrumb\"},\"inLanguage\":\"en-US\",\"potentialAction\":[{\"@type\":\"ReadAction\",\"target\":[\"https:\/\/beta.outra.pt\/produto\/tote-bag-out-fest-2022-cru-chamine\/\"]}]},{\"@type\":\"BreadcrumbList\",\"@id\":\"https:\/\/beta.outra.pt\/produto\/tote-bag-out-fest-2022-cru-chamine\/#breadcrumb\",\"itemListElement\":[{\"@type\":\"ListItem\",\"position\":1,\"name\":\"In\u00edcio\",\"item\":\"https:\/\/beta.outra.pt\/\"},{\"@type\":\"ListItem\",\"position\":2,\"name\":\"Todos os produtos\",\"item\":\"https:\/\/beta.outra.pt\/loja\/\"},{\"@type\":\"ListItem\",\"position\":3,\"name\":\"Tote Bag OUT.FEST 2022 (Cru - Chamin\u00e9)\"}]},{\"@type\":\"WebSite\",\"@id\":\"https:\/\/beta.outra.pt\/#website\",\"url\":\"https:\/\/beta.outra.pt\/\",\"name\":\"OUT.RA\",\"description\":\"ASSOCIA\u00c7\u00c3O CULTURAL\",\"potentialAction\":[{\"@type\":\"SearchAction\",\"target\":{\"@type\":\"EntryPoint\",\"urlTemplate\":\"https:\/\/beta.outra.pt\/?s={search_term_string}\"},\"query-input\":\"required name=search_term_string\"}],\"inLanguage\":\"en-US\"}]}<\/script>\n<!-- \/ Yoast SEO plugin. -->","yoast_head_json":{"title":"Tote Bag OUT.FEST 2022 (Cru - Chamin\u00e9) - OUT.RA","robots":{"index":"noindex","follow":"follow","max-snippet":"max-snippet:-1","max-image-preview":"max-image-preview:large","max-video-preview":"max-video-preview:-1"},"og_locale":"en_US","og_type":"article","og_title":"Tote Bag OUT.FEST 2022 (Cru - Chamin\u00e9) - OUT.RA","og_description":"Tote bag do OUT.FEST 2022 em pano cru. Design: Jos\u00e9 Mendes. Fotografia: V\u00edtor Lopes","og_url":"https:\/\/beta.outra.pt\/eng\/product\/tote-bag-out-fest-2022-cru-chamine\/","og_site_name":"OUT.RA","article_modified_time":"2023-03-31T17:59:53+00:00","og_image":[{"width":1569,"height":2048,"url":"https:\/\/beta.outra.pt\/wp-content\/uploads\/2023\/03\/IMG_6287-1-scaled.jpg","type":"image\/jpeg"}],"twitter_card":"summary_large_image","twitter_misc":{"Est. reading time":"1 minute"},"schema":{"@context":"https:\/\/schema.org","@graph":[{"@type":"WebPage","@id":"https:\/\/beta.outra.pt\/produto\/tote-bag-out-fest-2022-cru-chamine\/","url":"https:\/\/beta.outra.pt\/produto\/tote-bag-out-fest-2022-cru-chamine\/","name":"Tote Bag OUT.FEST 2022 (Cru - Chamin\u00e9) - OUT.RA","isPartOf":{"@id":"https:\/\/beta.outra.pt\/#website"},"datePublished":"2023-03-30T16:58:10+00:00","dateModified":"2023-03-31T17:59:53+00:00","breadcrumb":{"@id":"https:\/\/beta.outra.pt\/produto\/tote-bag-out-fest-2022-cru-chamine\/#breadcrumb"},"inLanguage":"en-US","potentialAction":[{"@type":"ReadAction","target":["https:\/\/beta.outra.pt\/produto\/tote-bag-out-fest-2022-cru-chamine\/"]}]},{"@type":"BreadcrumbList","@id":"https:\/\/beta.outra.pt\/produto\/tote-bag-out-fest-2022-cru-chamine\/#breadcrumb","itemListElement":[{"@type":"ListItem","position":1,"name":"In\u00edcio","item":"https:\/\/beta.outra.pt\/"},{"@type":"ListItem","position":2,"name":"Todos os produtos","item":"https:\/\/beta.outra.pt\/loja\/"},{"@type":"ListItem","position":3,"name":"Tote Bag OUT.FEST 2022 (Cru - Chamin\u00e9)"}]},{"@type":"WebSite","@id":"https:\/\/beta.outra.pt\/#website","url":"https:\/\/beta.outra.pt\/","name":"OUT.RA","description":"ASSOCIA\u00c7\u00c3O CULTURAL","potentialAction":[{"@type":"SearchAction","target":{"@type":"EntryPoint","urlTemplate":"https:\/\/beta.outra.pt\/?s={search_term_string}"},"query-input":"required name=search_term_string"}],"inLanguage":"en-US"}]}},"_links":{"self":[{"href":"https:\/\/beta.outra.pt\/eng\/wp-json\/wp\/v2\/product\/3739"}],"collection":[{"href":"https:\/\/beta.outra.pt\/eng\/wp-json\/wp\/v2\/product"}],"about":[{"href":"https:\/\/beta.outra.pt\/eng\/wp-json\/wp\/v2\/types\/product"}],"wp:featuredmedia":[{"embeddable":true,"href":"https:\/\/beta.outra.pt\/eng\/wp-json\/wp\/v2\/media\/3752"}],"wp:attachment":[{"href":"https:\/\/beta.outra.pt\/eng\/wp-json\/wp\/v2\/media?parent=3739"}],"wp:term":[{"taxonomy":"product_cat","embeddable":true,"href":"https:\/\/beta.outra.pt\/eng\/wp-json\/wp\/v2\/product_cat?post=3739"},{"taxonomy":"product_tag","embeddable":true,"href":"https:\/\/beta.outra.pt\/eng\/wp-json\/wp\/v2\/product_tag?post=3739"}],"curies":[{"name":"wp","href":"https:\/\/api.w.org\/{rel}","templated":true}]}}